y) be the first derivative of y**2 - 4*y - 2. Let b be h(3). Suppose b*v - v = 4. What is the greatest common factor of 20 and v?
4
Let w be (9 + 3)*(21/(-4))/(-7). Let b be 48/(-5) - (-4)/(-10). Let v = b + 19. What is the greatest common divisor of w and v?
9
Let y be (4/12)/(-3*2/(-180)). What is the highest common factor of 10 and y?
10
Let u = 63 - 33. Calculate the greatest common divisor of 18 and u.
6
Let n(d) = 4*d**2 + 2*d - 9. Let k be n(4). Calculate the greatest common factor of 7 and k.
7
Let c be ((-143)/2)/(1/(-2)). Let f be -1 + 2 - (-16 + 4). Calculate the highest common divisor of c and f.
13
Suppose -6 = y - 23. Calculate the greatest common factor of y and 17.
17
Let t = -14 + 23. Let p be t/6 - (-14)/4. Calculate the highest common divisor of 15 and p.
5
Let m(g) = g**3 + 12*g**2 - 13*g + 1. Let f be m(-13). Let q(r) = -8*r**3 - r. Let w be q(-1). Calculate the greatest common divisor of f and w.
1
Let t = 9 + -6. Let b be (t - 9)/(2/(-33)). Suppose 4*k + 0*g - g - 41 = 0, 0 = -4*k + 4*g + 56. Calculate the greatest common divisor of b and k.
9
Suppose b + b - 18 = 0. Suppose 3*m - 5*d = b, 4*m - 4*d - 21 = -1. Let a be m/(-28) + 480/14. Calculate the highest common divisor of a and 51.
17
Suppose 7*c + 5*p = 3*c - 26, -5*p + 1 = c. Let m be (-2)/(-3) + (-84)/c. What is the highest common factor of 60 and m?
10
Suppose w = 1 + 2. Let d(g) = g**2 - g + 1. Let f be d(w). What is the greatest common divisor of 28 and f?
7
Suppose -4*f = 3*z - 34, f = -2*z + 5 + 6. Suppose 4*d = 20, -3*p = -2*d + f*d - 121. What is the highest common factor of 16 and p?
16
Let t(h) = h**3 - 7*h**2 + 3*h - 6. Let w be t(4). Let i = w + 23. Let l = 82 + i. Calculate the greatest common divisor of 7 and l.
7
Let h = 23 + -10. Let i = 22 - h. What is the highest common divisor of i and 90?
9
Suppose 2*y = -y + 4*a - 18, -18 = 3*y - 2*a. Let u be (y/5)/(14/(-315)). What is the greatest common divisor of 3 and u?
3
Suppose 45 = 3*w + 3. Let r be w - ((-7 - -2) + 3). Calculate the greatest common factor of r and 24.
8
Let g = -57 + 105. Let x = 36 + -64. Let l = x - -40. Calculate the highest common factor of l and g.
12
Let r(p) = 2*p - 7. Let m be r(3). Let t be m/(201/(-66) - -3). What is the greatest common divisor of t and 22?
22
Let z = 10 + 1. Suppose 2*h - 30 = 2*n, 82 - 19 = 5*h - 2*n. What is the greatest common divisor of z and h?
11
Let q(b) = b + 13. Let g(n) = -n - 14. Let f(p) = 3*g(p) + 4*q(p). Let w be f(-7). What is the greatest common factor of w and 9?
3
Suppose -5*a - 17 = -2*p, -4 + 1 = 3*a. What is the greatest common factor of 42 and p?
6
Suppose 20 + 0 = 5*f. Suppose j - f*j + 6 = 0. Let p be (2/(-6))/((-1)/6). What is the greatest common divisor of p and j?
2
Let b be -1*8/(-12)*810. Suppose b = 7*t - 2*t. What is the highest common factor of t and 12?
12
Let l = 3 - 1. Let x be (9/l)/((-2)/12). Let n = -11 - x. Calculate the greatest common divisor of 48 and n.
16
Suppose r - y = 158 - 25, -5*r + 3*y + 669 = 0. Calculate the greatest common factor of 15 and r.
15
Let j(m) = m**2 + 5*m - 8. Let t be j(-8). Calculate the highest common divisor of t and 4.
4
Let f = 8 - 4. Suppose 3*a = -f*o + 20, -o + 7 = a + 1. What is the highest common divisor of o and 14?
2
Suppose 15*k + 80 = 17*k + 2*b, 0 = 4*b. Let l(f) = 2*f + 1. Let i be l(2). Calculate the greatest common factor of i and k.
5
Suppose 1237 = 15*y + 157. Let q(j) = 2*j**2 - 3*j. Let f be q(3). What is the greatest common divisor of f and y?
9
Suppose -8 = -2*k - 2*k. Suppose -40 = -4*g + k*g. Suppose -15 = -5*f + 5. Calculate the greatest common divisor of g and f.
4
Suppose -4*q = q - 85. Calculate the highest common divisor of q and 119.
17
Let v be (36/24)/((-2)/(-16)). What is the greatest common factor of v and 108?
12
Suppose -4*s + 104 = -y, -5*s - 4*y = -4*s - 9. Let v be 2/(-4) - (-42)/4. What is the greatest common divisor of v and s?
5
Suppose 3*q + 24 = s, 8 - 20 = 3*q. Calculate the highest common divisor of 9 and s.
3
Let l(h) = 7*h**2 + 7*h - 8. Let x be l(7). Suppose 0 = -w - 2*w + x. Suppose -2*s - 2*s = -64. What is the greatest common factor of s and w?
16
Let k be ((-11)/(-2))/(1/2). Let b be (30/(-45))/(4/(-6) - 0). What is the highest common factor of b and k?
1
Suppose y - 559 - 863 = -3*d, -d = 5*y - 7124. Let r be 1/(-3) + y/9. Let c be (-4)/(-18) - r/(-18). Calculate the greatest common divisor of c and 18.
9
Let p be (-2)/(-5) - 126/(-10). Suppose -5*b + i + 257 = 0, 0*i = b + i - 55. Calculate the greatest common factor of p and b.
13
Suppose -3*n + 20 = 6*r - 2*r, 2*r + 8 = 3*n. Suppose -3*b - l - 3 = r*l, 0 = 2*b + l - 2. Calculate the highest common divisor of b and 30.
3
Suppose -5*a + a = -8. Suppose -25 + 1 = -a*v. Suppose -2*f + 70 = 2*k, -2*f + 89 = -3*k + 14. Calculate the highest common divisor of f and v.
12
Let j(c) = 4*c - 11. Let i be j(5). Calculate the greatest common divisor of 99 and i.
9
Suppose -4*p = -3*p. Let n = p + 40. What is the highest common divisor of 10 and n?
10
Suppose 29 = -3*p - 4. Let m be (-9 + 0)*(p + 1). Calculate the highest common factor of 36 and m.
18
Suppose -5*d + 146 = -169. Calculate the greatest common factor of 7 and d.
7
Let t be (-3)/18 + 23/(-6). Let i be ((-28)/t)/(3/18). Calculate the greatest common factor of i and 7.
7
Let b be -12*-2*(-2)/8. Let y = b - -10. Calculate the highest common divisor of 4 and y.
4
Suppose 18 = -3*s + 69. What is the greatest common divisor of 85 and s?
17
Let g(q) = -3*q - 1. Let c(b) = -b**3 - 4*b**2 - 4*b - 2. Let u be c(-2). Let j be g(u). Let v be 1/5 - 12/(-15). What is the highest common factor of v and j?
1
Let v = -16 - -37. What is the greatest common factor of v and 3?
3
Let x = -13 - -19. Suppose -2*g = -2*h + 4, 4*g - 2 = 5*h - 13. Suppose h*u - u = x. Calculate the highest common divisor of u and 33.
3
Let w = -84 + 126. Calculate the highest common factor of 14 and w.
14
Suppose 0 = 3*c - c - 64. Suppose -10 = -5*w, 2 = 4*d - 3*d + w. Suppose d = -3*n - n + 192. Calculate the greatest common factor of n and c.
16
Suppose -3*q + 2 = 3*y + q, -2*q - 2 = 0. Calculate the greatest common factor of y and 8.
2
Let x be (40/(-3))/((-4)/18). Let q = -7 + 4. Let f be ((-45)/(-20))/(q/(-32)). Calculate the greatest common divisor of x and f.
12
Suppose -3*h + 5*u + 452 = 0, 2*u - 5*u = 12. Let w be 3/6 + 95/2. Suppose -3*i + w = -0*i. What is the highest common factor of h and i?
16
Let r(k) = -k - 1. Let a(t) = 4*t + 5. Let y(u) = -a(u) - 3*r(u). Let n be y(0). Let p be 7*(n/2 + 2). Calculate the highest common factor of p and 77.
7
Suppose -z + 116 = -i, -3*z + 4*i = -14 - 333. Let p(t) = -2*t + 13. Let m = -6 + 6. Let w be p(m). What is the greatest common factor of w and z?
13
Suppose 2*i + 6*i = 24. Calculate the greatest common divisor of 27 and i.
3
Suppose 3*h = 5*i - 1006, -7*i = -3*i + 2*h - 796. Calculate the greatest common divisor of i and 80.
40
Let k(l) = -15*l. Let q = -3 - -2. Let u be k(q). What is the greatest common factor of u and 15?
15
Let j(f) be the third derivative of 11*f**6/120 + f**5/30 - f**3/6 + 5*f**2. Let b be j(1). Calculate the highest common factor of b and 96.
12
Let p(o) = 2*o. Let r be p(-2). Let x be r - ((-1 - 3) + -95). Suppose 5*z - z = 76. Calculate the greatest common divisor of z and x.
19
Let d(c) = -c**2 - 19*c + 25. Let m be d(-20). What is the greatest common factor of 5 and m?
5
Suppose 5*i = 4*s + 259, 2*s = i - 2*s - 55. Suppose -3*b + 42 = -60. Calculate the greatest common divisor of i and b.
17
Suppose 3*y = 19 + 2. Let f(l) = 3*l**2 + 4*l + 3. Let u be f(-2). Let k(i) = 2*i**2 - 8*i + 7. Let s be k(u). Calculate the greatest common factor of s and y.
7
Let p = 5 + -1. Let h = 9 - p. Suppose 2*m = h*m - 15. Calculate the highest common factor of 5 and m.
5
Suppose -2*m = -42 - 102. What is the highest common divisor of m and 8?
8
Suppose 3*x - 87 = 3*l, 6*x - 29 = 5*x - 4*l. Calculate the greatest common divisor of 58 and x.
29
Suppose -j = -4*j + 78. Calculate the highest common divisor of j and 26.
26
Suppose -3*l - 4*z - 23 = 17, 5*z + 44 = -3*l. Let w be (-13)/(-2) + 12/l. Calculate the highest common divisor of w and 55.
5
Let d(o) = -13*o - 4. Let y be d(5). Let g = -13 - y. What is the 